*v. Let d(s) = -3*s - 1. Let l be d(-2). What is f(l)?
19
Let x(d) = 176*d + 873. Let h be x(-5). Suppose -3*i = -0*f - 5*f + 23, -3*f + 25 = i. Let y(m) = -f*m**2 + 2 - 3 + 0*m + 2*m - m**3. Give y(h).
-15
Suppose 2*c - 5*c - 36 = 13*g, g = c - 4. Let a(w) = -3*w**3 - 4*w**2 + 4*w. Calculate a(c).
-3
Suppose -25*i + 5 = -26*i. Let b(w) = -w + 5. Let y be b(4). Let z be ((-1)/i + y)/((-4)/10). Let m(s) = -s**3 - 4*s**2 - 1. Calculate m(z).
-10
Let m(f) = 28*f + 32*f + 5 - 105*f + 21*f + 28*f. Suppose 0 = -4*u - 3*q - 1, 4*q - q - 15 = 0. Calculate m(u).
-11
Let b(r) = 20*r**2 - 2*r - 3. Suppose -5*w = j - 19, 0 = -3*w - 103 + 115. Give b(j).
19
Let x(a) be the second derivative of -15/2*a**2 + 0 - 1/2*a**3 - 304*a. Determine x(-6).
3
Suppose r - 3*r = -2, -b + 3*r = -5. Suppose b*o + 2 - 82 = 0. Let x(p) = -p**3 + 9*p**2 + 10*p + 12. Determine x(o).
12
Let g(d) = -d**2 + 5*d + 8. Let c = 171 + -117. Let w be c/10 + 24/40. Calculate g(w).
2
Suppose -2*j - 3*h = -9, -5*j - 19*h + 21*h = -13. Let c(u) = 3*u - 3*u**j - 786 + 393 + 396. Calculate c(-2).
21
Let q be ((-30)/(-35))/(27/252). Let i(w) = -w**3 + 8*w**2 - 7*w + 19. Give i(q).
-37
Suppose 2*j - 25 = -5*a, a - 3*j + 11 + 1 = 0. Suppose -a = 3*b + 12. Let s(g) be the third derivative of -g**5/60 - g**4/6 + g**3/2 + 17*g**2. Give s(b).
-2
Let j(g) = 9*g - 90. Let q = 7670 - 7660. Determine j(q).
0
Let u(z) = 224*z + 272. Let p(b) = -54*b - 69. Let s(l) = 9*p(l) + 2*u(l). Determine s(-2).
-1
Let l(z) = 4*z - 45. Let d(x) = -17*x + 172. Let f(n) = -4*d(n) - 15*l(n). Give f(7).
43
Let n(o) be the third derivative of o**5/60 - o**4/8 - 4*o**3/3 + 12*o**2. Let k = 5247 + -5241. What is n(k)?
10
Let q(l) be the second derivative of -3*l**4/2 + l**3/2 + 2*l**2 + 7*l - 302. What is q(2)?
-62
Let c(f) = -2*f + 5. Suppose 5*y - m - 415 = -5*m, -3*m - 380 = -5*y. Let v be -4*(-2)/40 - (-748)/10. Let b = y - v. Determine c(b).
-3
Let z(d) = -d**3 - 2*d**2 + d + 3. Suppose -12 = 4*f, 0 = 2*g + 28*f - 24*f - 18. Suppose 4*r + g = -3*q, -2*r + 61*q - 3 = 58*q. Determine z(r).
9
Let i(l) be the second derivative of -l**6/360 - l**5/120 - 73*l**4/12 - 2*l + 8. Let y(h) be the third derivative of i(h). Give y(4).
-9
Let p(k) = -2*k + 3. Let m be ((-35)/14)/(1/(-46)). Let o = m - 101. Let i be 46/(-14) + 3 + 60/o. What is p(i)?
-5
Let l(m) = -2*m**2 - 13*m - 11*m - 17*m + 34*m. Let f be l(-3). Suppose -2*q + 23 = f*d, 4*d = 29 - 9. Let h(k) = -k**3 + 5*k**2 - 4*k - 1. Determine h(q).
-1
Let z(u) = -2*u - 2. Let o(n) = -n + 12. Let t be o(13). Let m be z(t). Suppose 0 = -v - m*v + 7*v. Let s(p) = p + 22. Calculate s(v).
22
Suppose -2*j + 63 = 5*z, 3*z = 5*j + 9 + 35. Suppose 5 = o + f, -2*f = o - 5*f - z. Let x(t) = -t**3 + 6*t**2 + 7*t - 5. Calculate x(o).
-5
Let s(u) = 5*u**2 + 6*u - 12. Let a(i) = -i**2 - i + 2. Let n(j) = 6*a(j) + s(j). Let l(p) = 9*p**2 + p - 2. Let r(w) = l(w) + 4*n(w). Calculate r(2).
20
Suppose 3*t = 9, 0 = 3*s - 0*t + 5*t - 30. Suppose -5*v - 2 + 12 = 0. Let c(q) = 10*q - 5*q + 5*q**v + 3 - 6*q**2. Give c(s).
3
Let t(h) = -15*h + 144. Let u be t(9). Let b(y) be the first derivative of -y**2/2 + 10*y + 24. Calculate b(u).
1
Let u(y) be the first derivative of y**3/3 - 11*y**2/2 - 11*y - 31. Let x(f) = -f**2 + 10*f + 10. Let c(b) = 3*u(b) + 4*x(b). Suppose 3*l + 7 = 4*l. Give c(l).
7
Let s(i) be the third derivative of -i**5/60 + 13*i**4/24 - 5*i**3/3 + 743*i**2. Let v be ((-66)/15)/((-2)/5). Calculate s(v).
12
Let d(h) be the third derivative of 0*h**4 + 5*h**2 + 1/6*h**3 + 0 + 0*h - 1/3*h**5. What is d(1)?
-19
Let p(g) be the first derivative of -1/4*g**4 + 17/2*g**2 - 22*g - 145 + 14/3*g**3. Give p(15).
8
Let v(y) = -241 + 475 - 10*y - 220. Calculate v(-5).
64
Let y be ((-4)/2)/(8*(-10)/280). Let b(x) = -2 + 7 + 5 + 5*x + 3*x - y*x. Calculate b(-11).
-1
Let l be -2 + -84*(-5)/5 - 1. Suppose l = -38*w + 29*w. Let h(b) = -5*b + 4*b - 2 - 11. What is h(w)?
-4
Let l(x) = -14*x**3 - 4*x**2 + 6*x + 1. Let f(p) = -7*p + 3 - 4 + 5*p**2 + 0*p**2 + 13*p**3. Let m(v) = 4*f(v) + 5*l(v). Determine m(-1).
17
Let s(d) = 2*d + 2. Suppose 0*g = -a - 4*g + 16, -44 = -14*a + 4*g. Suppose 4 = 4*n - 24. Suppose -a*v - 5 = n. Determine s(v).
-4
Let k(s) be the first derivative of -s**4/12 - 7*s**3/6 - 7*s**2/2 + 65*s - 35. Let y(b) be the first derivative of k(b). Determine y(-6).
-1
Let f(m) = m**2 + 11*m - 19. Let j = 14545 + -14559. Determine f(j).
23
Let w(d) be the first derivative of -d**4/6 - d**3/6 - 46*d**2 + 36. Let k(z) be the second derivative of w(z). Determine k(-2).
7
Let y(u) = 7*u**2 + 28*u - 37. Let m(t) = -6*t**2 - 28*t + 28. Let i(h) = -4*m(h) - 3*y(h). Determine i(-9).
-10
Suppose -49*y + 172 = 61*y - 48. Let j be 0 - 0 - 10/(-5). Let z(h) = -5*h - 2 - 5*h + 3 + j*h. What is z(y)?
-15
Let p(l) be the first derivative of -3*l**4/2 - l**2/2 - 9*l - 58. Let m(c) be the first derivative of p(c). Determine m(1).
-19
Let k = 41 + -37. Suppose -2*s - v = -6, -s - 2 = -k*s + 2*v. Let u(a) = -2 + 3 - 5*a**2 + a**s + 5*a**2 - 4*a. Determine u(2).
-3
Suppose -15*z + 68*z + 371 = 0. Let r(x) be the first derivative of -3*x + 1/4*x**4 - 4*x**2 - 2 + 2*x**3. Give r(z).
4
Let k(u) = -u**2 - 2*u - 47 - 32 + 90 - 3*u. Determine k(-6).
5
Suppose -8*q = -2*q - 264. Let b(j) = 3*j - 10*j + 6 + q*j**2 - 19*j**2 - 24*j**2. Give b(5).
-4
Let d(c) = -4*c**3 - 4*c**2 - 5*c - 10. Suppose -239*q - 141 - 337 = 0. What is d(q)?
16
Let l(y) be the second derivative of -y**5/20 - 5*y**4/12 - 11*y**3/6 - 5*y**2/2 + 1566*y - 1. Determine l(-6).
97
Let p(f) be the first derivative of 5*f**4/4 + f**2 + 2*f - 24. Let i be p(-1). Let c(s) = 7 + 25*s - 11 - 27*s. Determine c(i).
6
Let v(p) = -p**3 + 0*p**3 - 93 - p + 92. Let w(k) = 5*k**3 - 12*k**2 + 15*k + 5. Let a(t) = 4*v(t) + w(t). Determine a(11).
1
Let w(p) be the second derivative of p**5/24 - p**4/24 - p**3/6 - 5*p**2 - 30*p. Let i(o) be the second derivative of w(o). Give i(-3).
-16
Let l(y) = 7*y**3 + 10*y**2 + 3*y + 2. Let b(q) = 2*q**3 + q**2 + q. Let u(v) = -4*b(v) + l(v). What is u(4)?
30
Let o(x) be the second derivative of x**4/6 - x**3/2 - 5*x**2/2 - 584*x - 1. Determine o(3).
4
Suppose 50*c - 30 = 40*c. Let p(l) be the second derivative of 0 - 22*l + 5/6*l**3 - c*l**2. Calculate p(5).
19
Let i be (4/10 - (-779)/(-1710))*(23 - 29). Let v(y) be the first derivative of 1/2*y**2 - i*y**3 - 27 - 8*y. Determine v(0).
-8
Let t(r) = 3*r + 30. Let j(l) = -l**3 + 81*l**2 + 2393*l - 118. Let d be j(104). Determine t(d).
-12
Suppose -p + 12 = -2*a + 19, -16 = -2*a + 4*p. Let k(h) = -h**3 + h**2 - h - 2. Give k(a).
-8
Let d(y) be the second derivative of -5/3*y**3 - 8*y**2 - 1/20*y**5 - 2/3*y**4 - 12 + 2*y. Give d(-7).
5
Let r(w) = w**2 - 10*w + 4. Let p(h) = -h**3 + 51*h**2 - 11*h + 569. Let a be p(51). Determine r(a).
-12
Let s(k) = -165*k**2 + 112*k**2 + 59*k**2 + 28*k - 4. What is s(-4)?
-20
Let x be (336/16)/(2/(-22)). Let d = x - -220. Let z(r) = r**2 + 12*r + 10. What is z(d)?
-1
Let a be ((-6)/(-24))/(1/1132). Let y(b) = 142*b - a*b - b**2 - 4 - 6 + 149*b. Give y(5).
5
Let j(a) = a**2 + 7*a + 10. Let c be j(-10). Suppose 5*y - 5 = c. Let p(s) = -y + 0*s**3 + 7*s**3 + 9. Determine p(1).
7
Let m(s) = s**2 + 2*s - 12. Suppose y + 3*p = -3, 0 = -3*y + p + p + 13. Let q be ((-1)/(3/(-2)))/((-552)/(-5796)). Suppose -q - y = 2*f. What is m(f)?
3
Let k(d) = 143*d - 10. Let n be k(2). Suppose -a + n = -47*a. Let i(h) = -h**3 - 7*h**2 - 6*h. Give i(a).
0
Let n = 676 - 648. Suppose -30*x - 4*w = -n*x + 24, 0 = 4*x - 5*w - 17. Let t(k) = -2*k**2 - k. Determine t(x).
-6
Let d(v) = -v**2 - v - 2. Let l be (-16)/(-56) - (5 + (-26)/7). Determine d(l).
-2
Let l(q) be the second derivative of q**5/20 + q**4/2 - q**3/2 - 7*q**2/2 - 6*q + 2. Calculate l(-5).
33
Let o(d) = d**3 - 5*d**2 - 5*d - 5. Let x be (-34)/102 - 26/(-6). Let c be (-24)/(-4) - x - -4. Calculate o(c).
1
Let i be 5373/351 + -15 - (-355)/(-13). Let d(q) = 7*q + 185. Calculate d(i).
-4
Let q(h) = -h**2 - 25 - 21*h - 27*h + 64*h. Determine q(13).
14
Let a = -115 + 118. Suppose 0 = -5*j + a*u + 1 - 7, 15 = -j - 4*u. Let h(l) = 1 + 2*l - 4*l + l. What is h(j)?
4
Suppose -10*k + 8*k = -5*n + 159, -n = 2*k - 51. Let r(o) = -2*o + 89. What is r(n)?
19
Let g(x) = x + 2. Let r(z) = -6*z - 9. Suppose 5 = -5*k - 5. Le